
Let o(x) be the first derivative of 0*x**2 + 1/3*x**3 + 1/4*x**4 + 1 + 3*x. Determine o(0).
3
Let o = -12 - -17. Let k(p) be the third derivative of -p**4/24 + p**3/3 + p**2. Calculate k(o).
-3
Let s(w) be the second derivative of w**4/12 + w**3 + 3*w**2 + 21*w. What is s(-4)?
-2
Suppose 2*u = -2*u. Let z(w) = u*w - 1 + 5 - 2*w. Calculate z(3).
-2
Let r(v) = v - 1. Let w(d) be the third derivative of d**4/8 - 2*d**3/3 + 3*d**2. Let f be w(3). Give r(f).
4
Let y(o) = -o + 8. Let n be y(6). Let q(s) be the first derivative of s - 2 + s**n + 2*s - 2*s. Give q(-3).
-5
Let b(f) be the second derivative of -f**5/20 - f**4/2 - f**3/6 - 5*f**2/2 - f + 19. Determine b(-6).
1
Let m(j) = j**2 - 7*j + 8. Let i be m(6). Suppose -5*h + 3 + i = 0. Suppose -5 = 3*z + h. Let w(n) = -3*n. Calculate w(z).
6
Let y(w) = -w + 1. Let g be y(-4). Let x(r) = -11 - 7 + 14 + r**3 - 6*r**2 + 7*r. Determine x(g).
6
Suppose 0 = -5*k + 25, 0*q + 18 = -2*q + 4*k. Let m(p) = -3 - p + 4 + q. Calculate m(2).
0
Let o(n) = 0*n - 2 - 1 - n + 4. Determine o(-1).
2
Suppose 5*a = 20, 6*k - 4 = 2*k + 3*a. Let i(f) = 0*f - 9*f**2 - 2 - 2*f + k*f**2 - f**3. Calculate i(-5).
8
Let i(x) = -5*x**3 - 6 + x + x**3 + 2*x**3 + 9*x**2 + 3*x**3. Calculate i(-9).
-15
Let k(p) = 2*p**3 - 4*p**2 + 2*p. Let s = 6 - 6. Suppose -4*i + 13 - 1 = s. Suppose 1 = -b + i. Give k(b).
4
Let c be 10 - (-3 + 5 + 2). Let t(q) = q**3 - 7*q**2 + 7*q + 2. Give t(c).
8
Let w be -1*2 - (-7 + -2). Let t be (-2)/(-6) - w/3. Let d(u) = -5*u - 2. Calculate d(t).
8
Let q(x) = x - 4 - 9 + 15 + x**2. Determine q(2).
8
Let g = -26 - -32. Suppose -4 = 5*d + g. Let p(n) = -2*n**3 - 2*n**2 + 2*n. Calculate p(d).
4
Let q(v) = 5*v + 5. Let b(j) = 5*j + 4. Let r(c) = 4*b(c) - 3*q(c). Determine r(-2).
-9
Let h(g) = g - 4. Suppose 0 = -3*u - u - m + 20, 2*u - 10 = -2*m. Let z be h(u). Let l(v) = -v**2 + v**3 + 1 - v + 3*v - 2. What is l(z)?
1
Let x(w) = -8*w - 5. Let y(i) = -2*i - 1. Let f(g) = 2*x(g) - 9*y(g). Determine f(3).
5
Let k(z) = 3*z - 1. Let g(q) = q. Let m(x) = 8*g(x) - 3*k(x). Let b be 5/(-7) - 4/14. Let o be (b - -1)/(-3 - -4). Determine m(o).
3
Let j(o) be the third derivative of -7*o**4/24 - 4*o**2. Suppose -2*l - 2 = 0, 2*c + c + 7 = -4*l. Determine j(c).
7
Let h be (13/(-26))/(1/(-2)). Let j(m) = -m**3 + m**2 - m. Let o(p) = p**3 - p**2 - 2*p - 1. Let b(x) = h*j(x) - o(x). What is b(2)?
-5
Let j = -13 + 14. Let w be (j + 2)*(1 + 0). Let k(v) = v**3 + 7*v**2 - 2*v - 2. Let u(f) = f**3 + f**2 + f - 1. Let c(b) = k(b) - 2*u(b). Give c(w).
6
Suppose 3*d - 22 = -4. Let q(i) = i**3 - 3*i**2 + 5*i + 1. Let f(u) = -2*u**2 + 1. Let h(p) = -2*f(p) - q(p). Calculate h(d).
3
Let d(b) be the first derivative of -b**3/6 + b**2/2 + b + 1. Let u(j) be the first derivative of d(j). Let p(i) = 3*i + 3. Let t be p(-3). What is u(t)?
7
Let i be (-8)/20 + (-2)/(-5). Suppose 5*g + k = -i - 16, -3*g = -2*k + 7. Let m(a) = -2*a**2 - 5*a - 3. Determine m(g).
-6
Let g = 3 + -3. Let j be (2/6)/((-2)/(-12)). Let y(h) = -2*h**2 + 7*h - 13. Let x(z) = z**2 - 3*z + 6. Let m(k) = j*y(k) + 5*x(k). Calculate m(g).
4
Let g(b) be the second derivative of b**3/6 + 7*b**2 - 2*b - 50. Give g(-6).
8
Let b(n) = -n**2 + 8*n - 5. Suppose -75 = -o + 47. Let i be o/18 - 8/(-36). What is b(i)?
2
Let j = -36 + 32. Let m(g) = -2*g + 1. Determine m(j).
9
Let a(j) be the second derivative of -j**4/24 + j**2/2 + 3*j. Let g(x) be the first derivative of a(x). What is g(3)?
-3
Let y(r) be the first derivative of r**3 - 3*r**2/2 - 1. Determine y(2).
6
Suppose 0 = -k - 1, 2*o + 3*o + 29 = -4*k. Let r(s) = -2 - 4*s + 5 + 5*s. Determine r(o).
-2
Let k(g) = 6*g - 2. Let w(z) = -7*z + 3. Let l(u) = 6*k(u) + 5*w(u). What is l(-4)?
-1
Let z(x) be the third derivative of x**4/24 + x**3 + 6*x**2. Calculate z(-6).
0
Let i(q) = -3*q**2 + 5*q**2 - 3*q**2 + 11 - 10. Calculate i(-2).
-3
Let w(a) = 0*a + 13 - a + 0*a. Let p be (-128)/(-20) - 4/10. Calculate w(p).
7
Let x = -1 + 2. Let a be ((-2)/x)/(2/(-8)). Suppose -6*r = -3*r + 5*u + 1, -3*r - a = -2*u. Let c(h) = 2*h**2 + 4*h + 3. Give c(r).
3
Suppose -8 = 4*o, 15 = g - 9*o + 4*o. Let t(h) = 1 - 3*h + 4*h + 1. Give t(g).
7
Let d be (1080/16)/(-15) - (-3)/(-2). Let g(l) = l - 4. Calculate g(d).
-10
Suppose 4*w - 14 = 2, 2*v - 3*w = -20. Let p be 1/(-1) + v/4. Let i(q) = -q - 4. Determine i(p).
-2
Let y(s) = s**3 - 4*s**2 - s. Suppose -3*c - 3*h = 2*h + 20, h = -3*c - 4. Suppose c*v - 20 = -5*v. Determine y(v).
-4
Let s(y) = y**2 - 2*y + y**2 - 2*y - 1. Let m(r) = r**3 + 3*r**2 + 2*r - 1. Let w be m(-3). Let t = -4 - w. Determine s(t).
5
Let d be (5/(20/(-56)))/(3 - 1). Let f(r) = r**3 + 6*r**2 - 3*r + 10. What is f(d)?
-18
Suppose -3*o - 4*l + 6 = 0, 2*l + 8 = 8*o - 4*o. Suppose 0*m - s = -m - 3, -m + o*s = 8. Let x(f) = -3*f + 3*f - 1 - 2*f. Determine x(m).
-5
Let j(b) be the third derivative of -b**6/120 + 2*b**5/15 + 5*b**4/12 - b**3 + 33*b**2. Calculate j(9).
3
Let h(p) = -4*p**3 + 4*p**2 - 3*p + 1. Let v(l) = -3*l**3 - 10*l**2 - 3*l + 2. Let d be v(-3). Calculate h(d).
-21
Let k(p) be the third derivative of -1/6*p**3 - 3*p**2 + 0 + 1/24*p**4 + 0*p - 1/60*p**5. Give k(0).
-1
Let w = 11 + -4. Let p(h) = -7 + w + 2*h + 2 + 2*h. Calculate p(-2).
-6
Let j(w) be the third derivative of 0 - 1/20*w**5 - 1/24*w**4 + 1/6*w**3 + 0*w + 8*w**2. What is j(-2)?
-9
Let h(r) = -10*r**2 + 4. Let u = 5 + 12. Let b(g) = -29*g**2 + 11. Let i(z) = u*h(z) - 6*b(z). Let j(s) be the first derivative of i(s). Give j(1).
8
Let y(f) = f**3 - f. Let v(h) = -2*h**3 - 2*h**2 + 2*h + 1. Let d(u) = v(u) + 3*y(u). Let m = 16 + -8. Let t = -6 + m. Calculate d(t).
-1
Suppose 2*p = -2*p - 52. Let u = p - -8. Let h(g) = g**3 + 4*g**2 - 4*g + 4. Give h(u).
-1
Let g = -3 + 5. Let i(k) = -k**g + 2*k + k + 1 - 4. Suppose -3*t - 3*j - 4 = 2, -3*t - 5*j = 14. Determine i(t).
-1
Let s(q) be the third derivative of -7*q**4/24 + q**3/6 - q**2. Determine s(-1).
8
Let g = 60 + -62. Let b(m) = m**3 - m**2 - 2*m. What is b(g)?
-8
Let a(w) = 3*w**2 + w - 1. Suppose d + d = -3*x + 8, -8 = -2*x. Suppose 1 = 2*y - 9. Let s(b) = 7*b**2 + 2*b - 2. Let j(f) = d*s(f) + y*a(f). Calculate j(3).
11
Let q(y) = -11*y - 4. Let j(v) = -34*v - 12. Let a(m) = -6*j(m) + 17*q(m). Let b(f) = -8*f - 2. Let r(p) = -6*a(p) - 13*b(p). What is r(2)?
6
Let g(w) be the first derivative of 7*w**4/4 + w**2/2 + 3. Suppose 0 = 3*u - 1 - 11. Suppose 3*d = -d + 20, 9 = u*t + d. Give g(t).
8
Let c(q) be the first derivative of -q**4/12 - q**3/2 - q**2 - 2. Let j(k) be the second derivative of c(k). Determine j(-5).
7
Let w(g) be the second derivative of -g**7/840 - g**6/90 - g**5/40 - g**4/24 + g**3/6 - 4*g. Let b(u) be the second derivative of w(u). Calculate b(-4).
11
Let g(l) = -6*l - 3. Let i(h) = 5 + 4 - 5 + 13*h + 3. Let z(n) = 5*g(n) + 2*i(n). Suppose -s = -0*s - 2. Give z(s).
-9
Suppose 3*w + 5*k + 33 = 0, 0 = w - 0*w - 5*k + 11. Suppose r + 5*s - 40 = 0, 2*r + 70 = 5*r + 5*s. Let n = r + w. Let a(v) = v**3 - 5*v**2 + v + 5. Give a(n).
-7
Let b(a) be the first derivative of -3*a**2/2 + 4*a + 13. Calculate b(3).
-5
Suppose 2*k - 12 = -2*a, 2*a = -k - 2*a. Suppose k = h - 5*h. Let x(g) = g**2 + g. Determine x(h).
2
Let u = -7 + 10. Let l(d) = u*d - 7*d + 2*d. Calculate l(2).
-4
Let i(a) = 8 + 352*a - 176*a - 175*a. Give i(6).
14
Let a = -11 + -1. Let i be (-8)/(-28) + a/(-7). Let h(u) = -u**3 + 2*u**2 - 4*u + 2. Calculate h(i).
-6
Suppose a = -a + 3*n - 13, -2*a - 4*n = -22. Let j be ((-1)/2)/(a/6). Let q(p) = -4*p**2 - 2*p**3 - 2 + p**3 + p**2. Determine q(j).
-2
Let n be 18 - (-1 + (-2)/(-2)). Suppose 5*q - 8 = -n. Let b(j) = j + 4 - 4 - 2. What is b(q)?
-4
Let a(o) = 1 - 29*o + 54*o - 22*o. Give a(-4).
-11
Suppose -4*z + 76 = -6*j + 4*j, -18 = -2*z - 4*j. Suppose 4*v + 5 - z = 0. Let g(o) = -v - 3 - 6*o + 5. Give g(-1).
5
Suppose 0*b = 4*b - 8. Let d(n) = -b*n + 2*n + 2*n. Let j(q) = -2*q**3 - 5*q**2 - q. Let c be j(-2). Give d(c).
-4
Let t(m) = 0*m - 6*m**2 + 3 + 4*m**2 - 2*m. Let o be ((-1)/(-3))/((-4)/(-72)). Let x(u) = u**3 - 7*u**2 + 5*u + 8. Let d be x(o). Give t(d).
-9
Let r be (-8)/((-48)/18) - 4. Let b(f) = 32*f - 1. Calculate b(r).
-33
Let z be 29/3 + 4/12. Suppose 0 = -4*h - z - 6. Let j = 9 + h. Let g(n) = -n + 1. Calculate g(j).
-4
Let k(q) = 5*q**2 - 2*q + 3. Let u(r) = 3*r - r**